0). Let j = -10 + 18. Suppose -j*d + q = -7*d. Calculate the remainder when d is divided by 10.
8
Suppose 51*b - 250 = 41*b. Suppose 559 = 20*j - 361. Calculate the remainder when j is divided by b.
21
Suppose 2*j + 5*x - 6 = 0, -3*j - 4*x - 5 = -21. What is the remainder when 3589/74 + -2*3/(-12) is divided by j?
1
Calculate the remainder when 10487 is divided by -11 - -5*450/18.
113
Let s = -185 + 255. Let x = -20 - -24. Suppose f - 71 = -x*m, 36 - 95 = -3*m + 5*f. Calculate the remainder when s is divided by m.
16
Let v(l) = 2*l**3 + 11*l**2 - 9*l + 30. What is the remainder when 670 is divided by v(-6)?
46
Let h be 3/(30/(-26)) - 6/(-10). What is the remainder when 627/9 - -8*h/(-12) is divided by 20?
11
Suppose 24 = -2*x - 6. Let r be x*((-33)/12 + (-4)/16). Suppose 3*y - 191 = 2*j, -r = -y + 2*j + 12. What is the remainder when y is divided by 17?
16
What is the remainder when (6*(-196)/16)/(18/(-420)) is divided by 12?
11
Let x = 2648 - 1065. Calculate the remainder when x is divided by 263.
5
Suppose -5*z - 150 = 5*a, -3*z = -5*a + 33 + 41. Let r be 1/((-32)/z + -1). Suppose 0 = r*w - 8*w + 6. What is the remainder when 17 is divided by w?
5
Let h be 14/(-28)*(0 + -4). Suppose h*o + 58 = 6. Let b = 108 + o. Calculate the remainder when b is divided by 14.
12
Let z(d) = -3*d**2 - 59*d - 100. Suppose 4*b + 3*n = 875, b - n - 220 = -2*n. What is the remainder when b is divided by z(-17)?
35
Let c = 11 + -8. Suppose 16*r = 8 + 56. Suppose d - 5*l + 8 = 0, 7*d - 16 = r*d + 5*l. What is the remainder when d is divided by c?
0
Let p(b) = -b + 1. Let x(r) = -2*r - 83. Let o(g) = -4*p(g) - x(g). Calculate the remainder when o(-9) is divided by 7.
4
Let r(u) = 27*u**2 - 565*u - 10. Calculate the remainder when 220 is divided by r(21).
28
Let n = -157 + 172. Suppose -5*x = n*x - 3760. What is the remainder when x is divided by 27?
26
Suppose s = k - 1199, -2*k + 1575 + 811 = -4*s. Calculate the remainder when k is divided by 363.
116
Suppose 5*i + 10 = 5*n, -5*n + 0*i + 3*i + 10 = 0. Let u be (2/n)/(2/6) + 205. Suppose -8*f + 12*f = u. What is the remainder when f is divided by 14?
10
What is the remainder when (-18)/24 - 315330/(-184) is divided by 568?
9
Let m(j) = j**3 + 2*j**2 + 2*j + 5. Let g be m(-2). Let p be 284/4 + g/(-1). Calculate the remainder when (4 - 5) + 2 + p is divided by 19.
14
Let s(h) = -1297*h - 97237. Suppose -14 = -i + 96. What is the remainder when i is divided by s(-75)?
34
Let g(x) = x**2 - 22*x + 113. Let a = 188 - 133. What is the remainder when a is divided by g(7)?
7
Suppose -9*c + 9 = -2*v - 8*c, 12 = -5*v - c. Let n(k) = -104*k + 15. What is the remainder when n(v) is divided by 56?
47
Suppose -8*g - 16 = -0*g. Let m = 1 - g. Suppose -4*d - 2 = -q - 6*d, -d - m = 0. What is the remainder when 23 is divided by q?
7
Let a(u) = 27 + u**2 + 19*u + 10 - 9 + 48. Calculate the remainder when 246 is divided by a(-16).
22
Let t = -4 + 23. What is the remainder when 500/(-40) - -13 - 3/(-2) - -127 is divided by t?
15
Let h = -361 + 365. Suppose -3*g = 2*g + 5*c - 215, h*c = 20. Calculate the remainder when g is divided by 21.
17
Suppose 95*d = 111*d - 8592. Calculate the remainder when d is divided by 109.
101
Let o be 0/((3 + -15)/(-6)). Suppose 5*u + v - 49 = o, u + 0*u + 2*v - 8 = 0. Calculate the remainder when 77 is divided by u.
7
Let j(y) = -7*y + 26. Suppose -s = 5*n - 50 + 5, 45 = 4*n - s. Let p be j(n). Let h = p + 58. What is the remainder when 123 is divided by h?
11
Let k(r) = r**3 - 5*r**2 - r - 77. Suppose -2*c - 5*i + 19 = 0, 8 - 2 = -3*c + 4*i. Calculate the remainder when (-39)/(-5)*(c + 3) is divided by k(7).
11
Let f(w) = 8*w**2 - 11*w + 14. Let o(t) = t**2 + 8*t + 7. Let d be o(-7). Suppose -4*p - p + 280 = d. What is the remainder when p is divided by f(2)?
8
Suppose 2*s + 5*s + 175 = 0. Let c(a) = 4*a - 37. Let v(g) = 7*g - 74. Let u(n) = 5*c(n) - 3*v(n). What is the remainder when u(s) is divided by 8?
6
Let s = -23202 + 23314. Calculate the remainder when 5702 is divided by s.
102
Suppose 16*n = 11*n + 195. What is the remainder when 0/(-2) - -1 - (-173 - n) is divided by 31?
27
Let j(r) = -2*r**3 - 6*r**2 - 3. Let g be -1 + (-2355)/(-25) + 2/(-10). Let q = 89 - g. Calculate the remainder when j(q) is divided by 16.
13
Suppose 12*w + 15 = -21. What is the remainder when 27 is divided by 15 + (6 - 4) + w?
13
Let o(x) = 19*x**2 - 9*x - 2. Let f be o(4). Suppose -p - 4*s + 143 = 0, -p - 3*s + f = p. Calculate the remainder when p is divided by 16.
15
Let a = -2844 + 2902. Calculate the remainder when a is divided by 22.
14
Suppose -5*c + 32 = 7. Suppose 0 = -0*w - c*w + 1245. What is the remainder when w is divided by 10?
9
Suppose -62*l = -114784 - 1739 - 87023. Calculate the remainder when 6567 is divided by l.
1
Suppose -4*p + 416*j - 415*j + 465 = 0, 3*p - 3*j = 342. Calculate the remainder when 1041 is divided by p.
105
Suppose -5*z + 46 = -2*u, 5 + 33 = 4*z - u. What is the remainder when 2/5*-5 + 5*5 is divided by z?
3
Let g(n) = 579*n + 2272. Calculate the remainder when g(2) is divided by 47.
46
Let b = 2128 - 2097. Calculate the remainder when 117 is divided by b.
24
Let i(m) = 2*m**2 + 92*m - 159. Calculate the remainder when 262 is divided by i(-48).
31
Suppose -3*t = -5*j + 82, 10*j - 14*j + 56 = -4*t. Let l(n) = 2*n - 5. Let h be l(4). Let o = h + 1. Calculate the remainder when j is divided by o.
0
Suppose r = -5*p + 89 + 25, 0 = p + 5*r + 6. Let i = 5 - 2. Suppose -i*g + 41 = -100. What is the remainder when g is divided by p?
23
Let o be 34 - 36 - (24 + 0). Let j(i) = 6*i - 7. Let u be j(6). Let s = u + o. What is the remainder when 11 is divided by s?
2
Calculate the remainder when 479/((104/169)/8) is divided by 4.
3
Let y(c) = 3582*c - 21470. Let a(w) = 42*w**2 - w. Calculate the remainder when a(1) is divided by y(6).
19
Let z(u) = -u**3 + 16*u**2 - 26*u - 30. Let k be z(14). Calculate the remainder when (k - 2) + 685 + 5 - -2 is divided by 15.
13
Suppose 14 = 3*c - 5*i, 0*i + 8 = 2*c - 2*i. Let x(p) = p**2 + p + 4. Let w be x(0). Suppose c*f - 1113 = -w*f. Calculate the remainder when f is divided by 23.
21
Suppose 4*t + 3*j = 505, -233 = -2*t + 2*j + 3*j. Let x = t - -180. What is the remainder when x is divided by 17?
15
Suppose 0 = -30*n + 11671 + 2544 + 6815. Calculate the remainder when n is divided by 66.
41
Let h(k) = k**3 - 2*k**2 + 3*k + 12. Suppose 2*q + 6 = 0, 2*f - 2*q + 12 = 5*f. Let i be h(f). Let n = 261 - i. Calculate the remainder when n is divided by 15.
12
Suppose -15*l + 96 = -11*l. What is the remainder when 885 is divided by l?
21
Suppose 5*o - 3073 = 4*b, 21*o + 4*b - 10115 - 2646 = 0. What is the remainder when o is divided by 128?
97
Suppose 67*r + 30*r = 13580. What is the remainder when r is divided by 36?
32
Let o(j) = -12*j + 9. Let s be o(-17). Suppose -56*k - s = -59*k. Calculate the remainder when 709 is divided by k.
70
Suppose 0 = 19*y - 2*y + 357. Let d = y - -31. Calculate the remainder when (-3)/15 - (-243)/15 is divided by d.
6
Let t(i) = i**2 + 2*i + 178. Let m(u) = u**2 + 13*u - 2. Let h be m(-8). Let s = -12 - h. Calculate the remainder when t(0) is divided by s.
28
What is the remainder when 335 + (1 + -4 - (-7 - 2)) + -8 is divided by 30?
3
Let n(j) = 7*j**2 + 13*j + 17. Let u = 904 - 881. What is the remainder when n(-5) is divided by u?
12
Let m(c) = 2*c**3 - 8*c**2 - 14*c + 28. Let o be m(7). Suppose 0 = 2*i - o + 76. Calculate the remainder when i is divided by 25.
24
Let k = 2514 + -2262. What is the remainder when 757 is divided by k?
1
Let u(h) = -2*h**3 + 2*h**2 - h + 1. Let q be u(1). Let z(g) = g**3 + 3*g**2 + 2. What is the remainder when 105 is divided by z(q)?
1
Suppose -5*g + 95338 = 3*o, 4*g + 5*o - 40930 = 35356. What is the remainder when g is divided by 93?
92
Let j = -7616 - -15161. Calculate the remainder when j is divided by 49.
48
Suppose 35*u + 4903 = 4973. What is the remainder when 972 is divided by u?
0
Suppose -45 = -2*s + 7*s. Let k = 13 + s. Suppose 0 = -4*j - 3*u + 59, -k*u + 3*u = 5*j - 60. Calculate the remainder when 20 is divided by j.
9
Suppose -5*v - 324 = -4*p, 4*v = -4*p - 0*p + 360. Let g = 9 - -35. Calculate the remainder when p is divided by g.
42
Let z(n) = -10*n + 153. Let k be z(15). Suppos